{"id":248,"date":"2025-04-01T08:44:16","date_gmt":"2025-04-01T08:44:16","guid":{"rendered":"https:\/\/verdellocr.com\/?post_type=product&#038;p=248"},"modified":"2026-01-28T14:16:10","modified_gmt":"2026-01-28T14:16:10","slug":"raiz-de-tejocote","status":"publish","type":"product","link":"https:\/\/verdellocr.com\/index.php\/producto\/raiz-de-tejocote\/","title":{"rendered":"Ra\u00edz de Tejocote"},"content":{"rendered":"<p style=\"text-align: justify;\">\u00a1Logre su peso ideal de forma completamente natural con la poderosa Ra\u00edz de Tejocote! Este extraordinario suplemento ha sido cuidadosamente formulado para ayudarle a quemar grasa de manera eficaz y sostenida, al mismo tiempo que experimenta un notable aumento en sus niveles de energ\u00eda gracias a su acci\u00f3n metab\u00f3lica optimizada. Adem\u00e1s, la Ra\u00edz de Tejocote le asiste en el control de esos molestos antojos que a menudo dificultan el alcance de sus metas de bienestar.<\/p>\n<p style=\"text-align: justify;\">Usted comenzar\u00e1 a notar c\u00f3mo su cuerpo responde positivamente, reflej\u00e1ndose en una figura m\u00e1s esbelta y una sensaci\u00f3n general de vitalidad.<\/p>\n<p style=\"text-align: justify;\">Su sistema digestivo tambi\u00e9n se beneficiar\u00e1 significativamente, promoviendo una mejor absorci\u00f3n de nutrientes y un tr\u00e1nsito intestinal saludable. Todo esto se logra con una f\u00f3rmula 100% natural, pensada para su bienestar integral. <strong>\u00a1No espere m\u00e1s para iniciar su camino hacia una transformaci\u00f3n f\u00edsica y un mayor bienestar! \u00a1Empiece hoy mismo a transformar su figura y a sentirse mucho mejor, tanto por dentro como por fuera!<\/strong><\/p>\n<p>No se recomienda para:<\/p>\n<p>&#8211; Mujeres embarazadas o en per\u00edodo de lactancia<\/p>\n<p>&#8211; Personas operadas del coraz\u00f3n recientemente (menos de 2 a\u00f1os)<\/p>\n<p>&#8211; Personas menores de 12 a\u00f1os o mayores de 70 a\u00f1os.<\/p>\n<p>&#8211; Personas con anemia con niveles de hemoglobina inferiores a 11.<\/p>\n<p>&#8211; Personas con insuficiencia renal. Personas con c\u00e1ncer.<\/p>\n<p>&#8211; No se recomienda su consumo en personas con obstrucci\u00f3n intestinal, dolor abdominal o cualquier condici\u00f3n inflamatoria de los intestinos.<\/p>\n<p>*Pueden consumirlo diab\u00e9ticos e hipertensos.<\/p>\n","protected":false},"excerpt":{"rendered":"<p style=\"text-align: justify;\"><strong>S<\/strong><strong>u aliado natural para bajar de peso.<\/strong> Quema grasa, acelera su metabolismo y reduce el apetito de forma efectiva. F\u00f3rmula 100% natural para una transformaci\u00f3n visible y una mejor digesti\u00f3n. Resultados visibles y digesti\u00f3n mejorada garantizados<\/p>\n<p style=\"text-align: left;\">\u00a1Empiece hoy tu transformaci\u00f3n!<\/p>\n","protected":false},"featured_media":249,"comment_status":"closed","ping_status":"closed","template":"","meta":[],"product_brand":[],"product_cat":[23],"product_tag":[],"class_list":{"0":"post-248","1":"product","2":"type-product","3":"status-publish","4":"has-post-thumbnail","6":"product_cat-tejocote","8":"first","9":"instock","10":"shipping-taxable","11":"purchasable","12":"product-type-simple"},"_links":{"self":[{"href":"https:\/\/verdellocr.com\/index.php\/wp-json\/wp\/v2\/product\/248","targetHints":{"allow":["GET"]}}],"collection":[{"href":"https:\/\/verdellocr.com\/index.php\/wp-json\/wp\/v2\/product"}],"about":[{"href":"https:\/\/verdellocr.com\/index.php\/wp-json\/wp\/v2\/types\/product"}],"replies":[{"embeddable":true,"href":"https:\/\/verdellocr.com\/index.php\/wp-json\/wp\/v2\/comments?post=248"}],"wp:featuredmedia":[{"embeddable":true,"href":"https:\/\/verdellocr.com\/index.php\/wp-json\/wp\/v2\/media\/249"}],"wp:attachment":[{"href":"https:\/\/verdellocr.com\/index.php\/wp-json\/wp\/v2\/media?parent=248"}],"wp:term":[{"taxonomy":"product_brand","embeddable":true,"href":"https:\/\/verdellocr.com\/index.php\/wp-json\/wp\/v2\/product_brand?post=248"},{"taxonomy":"product_cat","embeddable":true,"href":"https:\/\/verdellocr.com\/index.php\/wp-json\/wp\/v2\/product_cat?post=248"},{"taxonomy":"product_tag","embeddable":true,"href":"https:\/\/verdellocr.com\/index.php\/wp-json\/wp\/v2\/product_tag?post=248"}],"curies":[{"name":"wp","href":"https:\/\/api.w.org\/{rel}","templated":true}]}}